{"id":23,"date":"2014-10-25T16:09:06","date_gmt":"2014-10-25T14:09:06","guid":{"rendered":"http:\/\/www.ynox.pl\/?page_id=23"},"modified":"2016-02-28T18:24:49","modified_gmt":"2016-02-28T17:24:49","slug":"referencje","status":"publish","type":"page","link":"https:\/\/www.ynox.pl\/?page_id=23","title":{"rendered":"REFERENCJE"},"content":{"rendered":"<p style=\"text-align: justify;\">\n\t<span style=\"font-size:12px;\">Zanim powierzyli\u015bmy firmie Ynox aran\u017cacj\u0119 swojego mieszkania obejrza\u0142am kilka projekt&oacute;w Marleny. To co mnie bardzo pozytywnie zaskoczy\u0142o to fakt, \u017ce ka\u017cdy by\u0142 zupe\u0142nie inny zapewne tak jak r&oacute;\u017cne by\u0142y oczekiwania inwestor&oacute;w.&nbsp;Marlenie i Robertowi powierzyli\u015bmy aran\u017cacj\u0119 nowego apartamentu znajduj\u0105cego si\u0119 na pograniczu Goc\u0142awia i Saskiej K\u0119py. Jedno wiedzieli\u015bmy, \u017ce mieszkanie ma by\u0107 nowoczesne i przeznaczone pod wynajem dla wymagaj\u0105cego klienta. Wiedzieli\u015bmy jaki cel chcemy&nbsp; osi\u0105gn\u0105\u0107 ale nie mieli\u015bmy w\u0142asnego pomys\u0142u na to wn\u0119trze. I zacz\u0119\u0142o si\u0119 . Marlena wys\u0142ucha\u0142a nas , przygotowa\u0142a projekt a potem d\u0142ugo i cierpliwie t\u0142umaczy\u0142a i wizualizowa\u0142a nam swoje pomys\u0142y na aran\u017cacj\u0119 wn\u0119trza. Nie zawsze to by\u0142o proste J ale op\u0142aci\u0142o si\u0119. Efekt m&oacute;wi sam za siebie &ndash; mamy pi\u0119kny , funkcjonalny i nowocze\u015bnie urz\u0105dzony apartament, kt&oacute;ry nie czeka\u0142 d\u0142ugo na swojego lokatora.Z pe\u0142n\u0105 odpowiedzialno\u015bci\u0105 mog\u0119 poleci\u0107 wszystkim firm\u0119 Ynox: Marlen\u0119 i Roberta Ko\u015bci&oacute;\u0142ek, kt&oacute;rzy poza przygotowaniem projektu , koncepcj\u0105 aran\u017cacji wspierali nas nadzoruj\u0105c post\u0119py prac. Na szczeg&oacute;ln\u0105 uwag\u0119 zas\u0142uguje fakt, \u017ce Marlena potrafi znale\u017a\u0107 oryginalne i ciekawe materia\u0142y do wyko\u0144czenia wn\u0119trza w bardzo rozs\u0105dnych cenach , a to&nbsp; niezwykle cenna i wa\u017cna kwestia dla ka\u017cdego inwestora.<\/span>\n<\/p>\n<p style=\"text-align: justify;\">\n\t<span style=\"font-size:12px;\">Dzi\u0119kujemy Ania i J&oacute;zek<\/span>\n<\/p>\n<p style=\"text-align: justify;\">\n\t&nbsp;\n<\/p>\n<p style=\"text-align: justify;\">\n\t<span style=\"font-size:12px;\">Wsp&oacute;\u0142praca z Pani\u0105 Marlena i Panem Robertem obejmowa\u0142a pe\u0142n\u0105 aran\u017cacje mieszkania. Od pocz\u0105tku bardzo podoba\u0142o mi si\u0119 podej\u015bcie Pani Marleny. Wida\u0107 by\u0142o w niej pasje i gotowo\u015b\u0107 do pe\u0142nego zaanga\u017cowania. Pani Marlena jest pe\u0142n\u0105 optymizmu, u\u015bmiechni\u0119ta i pogodn\u0105 osob\u0105, cierpliwie wys\u0142ucha\u0142a moich oczekiwa\u0107 co do mieszkania i delikatnie skorygowa\u0142a praktycznie wszystko \uf04a ale efekt by\u0142 niesamowity i bardzo mi si\u0119 podoba. Jestem zapracowana osoba i Pa\u0144stwo Ko\u015bci&oacute;\u0142ek bardzo mi pomogli. Byli w pe\u0142ni dyspozycyjni, wyr\u0119czali mnie w kontaktach z robotnikami (za co jestem im dozgonnie wdzi\u0119czna) oraz polecali w\u0142asnych sprawdzonych fachowc&oacute;w. Pani Marlena i Pan Robert maja \u015bwietne rozeznanie w firmach zwi\u0105zanych z wyposa\u017ceniem i urz\u0105dzaniem mieszka\u0144, polecaj\u0105 tylko profesjonalist&oacute;w. Ka\u017cdy pomys\u0142 przedstawiaj\u0105 bardzo szczeg&oacute;\u0142owo, z wyja\u015bnieniem, planem i niezb\u0119dnym kosztorysem. Moje w\u0105tpliwo\u015bci nie by\u0142y lekcewa\u017cone lecz dok\u0142adnie wyja\u015bnienie skomplikowanych dla mnie spraw okaza\u0142o si\u0119 niezb\u0119dne. Wszelkie uwagi Pana Roberta w kwestii budowlanki i o\u015bwietlenia okaza\u0142y sie bardzo praktyczne. Pani Marlena ma niesamowita wyobra\u017anie i zmys\u0142 estetyczny, dzi\u0119ki czemu rzeczy proste nabieraj\u0105 elegancji. Pomimo wielu trud&oacute;w podczas wyka\u0144czania mojego mieszkania Pa\u0144stwo Ko\u015bci&oacute;\u0142ek oferowali zawsze wsparcie, rade i \u017cyczliwo\u015b\u0107. Bardzo dzi\u0119kuje za wspaniale mieszkanie \uf04a za pomoc, po\u015bwiecony czas, cierpliwo\u015b\u0107 \uf04a i wsparcie.<br \/>\n\tGor\u0105co polecam wsp&oacute;\u0142prace z Pani\u0105 Marlena i Panem Robertem<\/span>\n<\/p>\n<p style=\"text-align: justify;\">\n\t<span style=\"font-size:12px;\"><span style=\"font-family:courier new,courier,monospace;\"><em>Renata<\/em><\/span><\/span>\n<\/p>\n<p style=\"text-align: justify;\">\n\t<span style=\"font-size:12px;\">Wsp&oacute;\u0142praca z Marlen\u0105 i jej m\u0119\u017cem, Robertem, przy urz\u0105dzaniu naszego mieszkania o powierzchni 135 m2, by\u0142a czyst\u0105 przyjemno\u015bci\u0105. Zakres zlecenia obejmowa\u0142 nadz&oacute;r prac budowlanych, hydraulicznych i elektrycznych oraz dob&oacute;r element&oacute;w wyko\u0144czeniowych i dekoracyjnych. Marlena wraz z Robertem, na pocz\u0105tku naszej wsp&oacute;\u0142pracy, wys\u0142uchali naszej wizji urz\u0105dzenia mieszkania oraz wymaga\u0144, jakie ma spe\u0142nia\u0107 mieszkanie po zako\u0144czeniu inwestycji. W nast\u0119pnej kolejno\u015bci przygotowali nam koncepcj\u0119 wyko\u0144czenia mieszkania, kt&oacute;ra to przeros\u0142a nasze naj\u015bmielsze oczekiwania. My w zasadzie ograniczyli\u015bmy si\u0119 do naniesienia drobnych zmian. Wsp&oacute;\u0142praca nie ogranicza\u0142a si\u0119 tylko do opracowania koncepcji wygl\u0105du mieszkania. Opracowali projekty: uk\u0142adu \u015bcian, hydrauliki, elektryki, instalacji audio-wideo oraz mebli kuchennych i szaf w zabudowie. Nasi zleceniobiorcy byli bardzo zaanga\u017cowani w prowadzenie w naszym imieniu nadzoru inwestorskiego, bardzo cz\u0119sto dokonuj\u0105c inspekcji nieruchomo\u015bci. Z uwagi na posiadany bud\u017cet i moje wymagania, opracowali bardzo szczeg&oacute;\u0142owy kosztorys. Na ka\u017cdym etapie realizacji mogli\u015bmy liczy\u0107 na ich pomoc, nawet t\u0105 wykraczaj\u0105c\u0105 poza ramy okre\u015blone w umowie. Wielokrotnie dokonywali w naszym imieniu zakup&oacute;w. Darzyli\u015bmy ich pe\u0142nym zaufaniem w tym wzgl\u0119dzie. Marlena wnosi\u0142a bardzo du\u017co pomys\u0142&oacute;w natury estetycznej i u\u017cytkowej, a Robert za\u015b bardzo cz\u0119sto dawa\u0142 mi praktyczne rady, kt&oacute;re by\u0142y bardzo pomocne w podejmowaniu decyzji w wyborze np. sprz\u0119tu o\u015bwietleniowego. W efekcie naszej wsp&oacute;\u0142pracy, mieszkanie wygl\u0105da ol\u015bniewaj\u0105co, nie tylko dla nas ale i dla naszych go\u015bci. Chce si\u0119 do niego wraca\u0107 po ci\u0119\u017ckim dniu pracy. Nale\u017cy nadmieni\u0107, \u017ce Marlena i Robert s\u0105 bardzo sympatycznymi lud\u017ami, dzi\u0119ki czemu ich wsp&oacute;\u0142praca z wykonawcami by\u0142a wzorowa. Polecamy ich jako profesjonalist&oacute;w w swoim fachu.<\/span>\n<\/p>\n<p style=\"text-align: justify;\">\n\t<span style=\"font-size:12px;\"><span style=\"font-family:courier new,courier,monospace;\"><em>Agnieszka i Pawe\u0142<\/em><\/span><\/span>\n<\/p>\n<p style=\"text-align: justify;\">\n\t<span style=\"font-size:12px;\">Pani Marlena Ko\u015bci&oacute;\u0142ek wykona\u0142a dla nas pe\u0142n\u0105 aran\u017cacj\u0119 przestrzeni w naszym mieszkaniu w Starej Iwicznej.<br \/>\n\tProjekt obejmowa\u0142 kompleksowe opracowanie wn\u0119trza &#8211; w tym wyburzenie, przesuni\u0119cie \u015bcianek dzia\u0142owych , poprawki w instalacji elektrycznej i hydraulicznej, zaprojektowanie sufitu podwieszanego , przeszklenia \u0142azienki , aran\u017cacj\u0119 o\u015bwietlenia .<br \/>\n\tW oparciu o nasze wizje i plany projektantka stworzy\u0142a projekt nowatorski , gdzie design \u0142\u0105czy\u0142 si\u0119 z funkcjonalno\u015bci\u0105 , w pe\u0142ni odpowiadaj\u0105c naszym oczekiwaniom.<br \/>\n\tProjektantka prowadzi\u0142a ca\u0142kowity nadz&oacute;r inwestorski, kontroluj\u0105c ekip\u0119 budowlan\u0105 , podpisuj\u0105c umowy w naszym imieniu i koordynuj\u0105c realizacj\u0119 zam&oacute;wie\u0144 na materia\u0142y wyko\u0144czeniowe .<br \/>\n\tPani Marlena po\u015bwi\u0119ci\u0142a mn&oacute;stwo energii, czasu i cierpliwo\u015bci t\u0142umacz\u0105c i wizualizuj\u0105c nam swoje pomys\u0142y.<br \/>\n\tZ pewno\u015bci\u0105 nie jest to nasz ostatni wsp&oacute;lny projekt.<br \/>\n\tPolecamy us\u0142ugi Pani Marleny Ko\u015bci&oacute;\u0142ek wszystkim, kt&oacute;rzy szukaj\u0105 profesjonalnej, kompetentnej i konkretnej projektantki i jednocze\u015bnie dzi\u0119kujemy za wspania\u0142\u0105 wsp&oacute;\u0142prac\u0119.<\/span>\n<\/p>\n<p style=\"text-align: justify;\">\n\t<span style=\"font-size:12px;\"><span style=\"font-family:courier new,courier,monospace;\"><em>Anna i Jaros\u0142aw<\/em><\/span><\/span>\n<\/p>\n<p style=\"text-align: justify;\">\n\t<span style=\"font-size:12px;\">Z firm\u0105 YNOX i cudown\u0105 Pani\u0105 Marlen\u0105 Ko\u015bci&oacute;\u0142ek mieli\u015bmy przyjemno\u015b\u0107 wsp&oacute;\u0142pracowa\u0107 dwa razy. Pierwszy raz Pani Marlena zaj\u0119\u0142a si\u0119 aran\u017cacj\u0105 naszego domu, a drugi raz oddali\u015bmy w jej r\u0119ce aran\u017cacj\u0119 wn\u0119trza naszej firmy &bdquo;Rodzinnego Domu Opieki&rdquo;. Jeste\u015bmy Pani Marlenie bardzo wdzi\u0119czni za to, \u017ce wprowadzi\u0142a swoimi pomys\u0142ami do naszego domu du\u017co ciep\u0142a, przytulno\u015bci, koloru a przy tym sta\u0142 si\u0119 bardziej funkcjonalny i zyska\u0142 oryginaln\u0105 estetyk\u0119.<br \/>\n\tUrz\u0105dzenie takiej plac&oacute;wki jak Rodzinny Dom Pomocy by\u0142 dla nas wyzwaniem nie do zrealizowania, dlatego od razu wiedzieli\u015bmy, \u017ce powinna zaj\u0105\u0107 si\u0119 t\u0105 aran\u017cacj\u0105 w\u0142a\u015bnie Pani Marlena. Przekonali\u015bmy si\u0119, \u017ce jej pomys\u0142y s\u0105 zawsze dopasowane do potrzeb klienta i tym razem r&oacute;wnie\u017c si\u0119 nie zawiedli\u015bmy. I zaznaczam, \u017ce nie jest to tylko i wy\u0142\u0105cznie nasza opinia, poniewa\u017c ka\u017cdy odwiedzaj\u0105cy zar&oacute;wno nasz dom jak i firm\u0119 jest zachwycony aran\u017cacj\u0105. Pe\u0142en profesjonalizm i wiedza.<br \/>\n\tDlatego z ca\u0142\u0105 odpowiedzialno\u015bci\u0105 polecam wsp&oacute;\u0142prac\u0119 Pani\u0105 Marlen\u0119 Ko\u015bci&oacute;\u0142ek ze wzgl\u0119du na wysok\u0105 jako\u015b\u0107 oferowanych us\u0142ug oraz indywidualne podej\u015bcie do klienta.<\/span>\n<\/p>\n<p style=\"text-align: justify;\">\n\t<span style=\"font-size:12px;\"><span style=\"font-family:courier new,courier,monospace;\"><em>Katarzyna i Pawe\u0142<\/em><\/span><\/span>\n<\/p>\n<p style=\"text-align: justify;\">\n\t<span style=\"font-size:12px;\">Nim na swojej drodze spotkali\u015bmy Marlen\u0119 przy urz\u0105dzaniu &frac12; naszego mieszkania (na wi\u0119cej w tamtym czasie nie by\u0142o nas sta\u0107:) korzystali\u015bmy z pomocy przebojowych projektantek dla kt&oacute;rych wyra\u017cenia: nowoczesny dekadencki styl i kreatywno\u015b\u0107 aran\u017cacji mia\u0142y kluczowe znaczenie. Jednak pierwotny bardzo mocno wystylizowany projekt uleg\u0142 totalnej modernizacji bo: nie by\u0142 w naszym stylu, , cierpimy na kompletny brak wyobra\u017ani przestrzennej, jeste\u015bmy zwi\u0105zkiem &bdquo;m\u0105\u017c bia\u0142e \u017cona czarne i zero kompromis&oacute;w&rdquo; . W takiej sytuacji autorki nie potrafi\u0142y obroni\u0107 swojego projektu i zaproponowa\u0107 alternatywnych rozwi\u0105za\u0144 czyli to co nie uzyska\u0142o naszej akceptacji wylatywa\u0142o z projektu. Efekt ko\u0144cowy okre\u015bla jedno s\u0142owo: niekompletno\u015b\u0107.<br \/>\n\tKolejn\u0105 po\u0142ow\u0119 mieszkania planowali\u015bmy urz\u0105dzi\u0107 sami ale na szcz\u0119\u015bcie poznali\u015bmy Marlen\u0119 i ju\u017c po pierwszym spotkaniu czuli\u015bmy, \u017ce to kto\u015b kto jest blisko nas, kto\u015b kto czyta w naszych my\u015blach i odkrywa nasze &bdquo;ukryte pragnienia&rdquo; . Wszystko mo\u017ce zacz\u0105\u0107 si\u0119 od koloru albo starego sentymentalnego bibelotu albo zdj\u0119cia to wystarczy Marlenie by urz\u0105dzi\u0107 cztery \u015bciany w niepowtarzalne wn\u0119trze . M&oacute;j 18 &ndash;letni syn uwielbia sw&oacute;j pok&oacute;j a ja uwielbiam s\u0142ucha\u0107 w nim muzyki bo rockandrolowy klimat roztacza si\u0119 doko\u0142a a w naszej magicznej sypialni &bdquo;ukryte pragnienia&rdquo; staj\u0105 si\u0119 codzienno\u015bci\u0105 :).<br \/>\n\tAle Marlena to nie tylko pi\u0119kno, stylowo\u015b\u0107 i morze pomys\u0142&oacute;w ale r&oacute;wnie\u017c funkcjonalno\u015b\u0107 rozwi\u0105za\u0144, dba\u0142o\u015b\u0107 o detale i jako\u015b\u0107 materia\u0142&oacute;w , umiej\u0119tno\u015b\u0107 przedstawiania swoich pomys\u0142&oacute;w tak, \u017ce staj\u0105 si\u0119 nasze ale przede wszystkim cena dostosowana do finansowych mo\u017cliwo\u015bci. Marlena potrafi targowa\u0107 si\u0119 o drog\u0105 lamp\u0119 ale jednocze\u015bnie gdy zostan\u0105 nam ju\u017c ostatnie z\u0142ot&oacute;wki wyci\u0105ga spod ziemi tanie, pi\u0119kne dodatki. Marlena to doskona\u0142e po\u0142\u0105czenie Artysty i Ksi\u0119gowego gdzie wizje st\u0105paj\u0105 po ziemi, tworz\u0105c pi\u0119kne wn\u0119trza, kt&oacute;re kochamy (i na, kt&oacute;re nas sta\u0107:)<\/span>\n<\/p>\n<p style=\"text-align: justify;\">\n\t<span style=\"font-size:12px;\"><em><span style=\"font-family:courier new,courier,monospace;\">Dzi\u0119kujemy za wszystko Marta i Jacek (w szczeg&oacute;lno\u015bci za sypialni\u0119:)<\/span><\/em><\/span>\n<\/p>\n<p style=\"text-align: justify;\">\n\t<span style=\"font-size:12px;\">Pani Marlena Ko\u015bci&oacute;\u0142ek wspiera\u0142a nas bardzo dzielnie w remoncie naszego mieszkania w Piasecznie.<br \/>\n\tKonsultacja obejmowa\u0142a zaplanowanie zmian w funkcjonowaniu salonu poprzez wygospodarowanie przestrzeni jadalnej, dokonanie zmian dekoratorskich w kuchni<br \/>\n\ti przedpokoju. Konsultacja obj\u0119\u0142a r&oacute;wnie\u017c sypialni\u0119 gdzie dokonali\u015bmy bardzo istotnych zmian w kolorystyce oraz dekoracjach.<br \/>\n\tPropozycje Pani Marleny dostosowane by\u0142y do naszego gustu i preferencji,<br \/>\n\ta wdro\u017cone pomys\u0142y pod jej autorskim nadzorem zdecydowanie uatrakcyjni\u0142y wygl\u0105d naszego mieszkania. Bardzo cenne by\u0142y uwagi i wskaz&oacute;wki dotycz\u0105ce rzeczy drobnych<br \/>\n\ti \u0142adnych, ale niekoniecznie drogich.<br \/>\n\tDlatego te\u017c z pe\u0142n\u0105 odpowiedzialno\u015bci\u0105 chcemy poleci\u0107 us\u0142ugi Pani Marleny ka\u017cdej osobie, kt&oacute;ra my\u015bli o przeprowadzeniu remontu, tudzie\u017c zmian w funkcjonalno\u015bci domu lub mieszkania.<\/span>\n<\/p>\n<p style=\"text-align: justify;\">\n\t<span style=\"font-size:12px;\"><span style=\"font-family:courier new,courier,monospace;\"><em>Edyta i Karol<\/em><\/span><\/span>\n<\/p>\n<p style=\"text-align: justify;\">\n\t<span style=\"font-size:12px;\">Dom, w kt&oacute;rym mieszkamy wraz z m\u0119\u017cem i synem, zbudowa\u0142am z mam\u0105 i babci\u0105 w roku 1982 sposobem cha\u0142upniczym. Przy pomocy wuja-majstra budowlanego, powsta\u0142 dom dla trzech samotnych kobiet. Po wyj\u015bciu za m\u0105\u017c, i \u015bmierci babci i matki postanowili\u015bmy wraz z m\u0119\u017cem i dorastaj\u0105cym synem dokona\u0107 gruntownej przebudowy.<br \/>\n\tWybudowanie domu w latach 80-tych, jak wiadomo, graniczy\u0142o z cudem. Brak materia\u0142&oacute;w budowlanych i kiepska ich jako\u015b\u0107 rzutowa\u0142a na jako\u015b\u0107 budynku i jego wyko\u0144czenie. Dom wymaga\u0142 gruntownej przebudowy! Pokoje na pi\u0119trze by\u0142y ma\u0142e i wyposa\u017cone w rega\u0142y z czas&oacute;w gierkowskich. Przedpok&oacute;j &ndash;to w\u0105ski, ciemny korytarz, do kt&oacute;rego przy pozamykanych drzwiach wpada\u0142o niewiele \u015bwiat\u0142a. W ci\u0105gu dnia trzeba by\u0142o zapala\u0107 \u015bwiat\u0142o. Og&oacute;lnie m&oacute;wi\u0105c &ndash; stary, nieciekawy styl.<br \/>\n\tOd znajomych dostali\u015bmy namiar na stron\u0119 internetow\u0105: www.ynox.pl . Skontaktowali\u015bmy si\u0119 z pani\u0105 Marlen\u0105 Ko\u015bci&oacute;\u0142ek. By\u0142 to strza\u0142 w dziesi\u0105tk\u0119.<br \/>\n\tNa drugi dzie\u0144 by\u0142a ju\u017c w naszym domu w Wieliszewie. Obejrza\u0142a, pomierzy\u0142a, zrobi\u0142a szkic i sfotografowa\u0142a co by\u0142o potrzebne. Wypyta\u0142a nas dok\u0142adnie o nasze upodobania i potrzeby. O\u015bwiadczy\u0142a nam, \u017ce wkr&oacute;tce odezwie si\u0119 z propozycj\u0105 przebudowy i aran\u017cacji pomieszcze\u0144. Po pi\u0119ciu dniach przedstawi\u0142a nam swoje przemy\u015blenia dotycz\u0105ce remontu i aran\u017cacji poszczeg&oacute;lnych pomieszcze\u0144. Zaproponowa\u0142a dok\u0142adny plan dzia\u0142a\u0144. Po wsp&oacute;lnych ustaleniach zacz\u0119\u0142o si\u0119. Do dzia\u0142ania wkroczy\u0142a, po paru dniach, ekipa budowlana, zaproponowana te\u017c przez Pani\u0105 Marlen\u0119 sk\u0142adaj\u0105ca si\u0119 z czterech wysoko wykwalifikowanych rzemie\u015blnik&oacute;w budowlanych. Zaufali\u015bmy tej kobiecie, kt&oacute;ra wzbudzi\u0142a w nas zaufanie. Mimo, i\u017c mieli\u015bmy nieciekawe do\u015bwiadczenia z brygadami budowlanymi poznanymi przy okazji wcze\u015bniejszego remontu dachu i przy wykonaniu elewacji budynku. Raz &bdquo;Raz kozie \u015bmier\u0107&rdquo; &ndash;powiedzieli\u015bmy sobie z m\u0119\u017cem i zdali\u015bmy si\u0119 ca\u0142kowicie na do\u015bwiadczenie pani Marleny. Po 6 tygodniach prac od 6 rano do 23 nasz dom zosta\u0142 odmieniony nie do poznania. Tak jak do chwili remontu nie lubili\u015bmy w nim mieszka\u0107 i wynajmowali\u015bmy mieszkanie w Warszawie tak teraz po pracy kto szybciej p\u0119dzimy do naszego odmienionego domu, kochamy w nim mieszka\u0107 i radowa\u0107 si\u0119 przemian\u0105 z zapyzia\u0142ej wiejskiej cha\u0142upy w nowoczesny (jak na nasze .skromne mo\u017cliwo\u015bci) radosny i s\u0142oneczny dom. Praca pani Ko\u015bci&oacute;\u0142ek nie tylko poleg\u0142a na projekcie zmian. Sama co drugi, trzeci dzie\u0144 przyje\u017cd\u017ca\u0142a na budow\u0119, \u015bledzi\u0142a post\u0119py i jako\u015b\u0107 prac. Omawia\u0142a z majstrami szczeg&oacute;\u0142y prac i ewentualne zmiany. My przygl\u0105dali\u015bmy si\u0119 tylko z boku. Radowa\u0142o si\u0119 nam serce na widok pi\u0119kniej\u0105cych pomieszcze\u0144, cz\u0119sto przekraczaj\u0105cych nasz\u0105 wyobra\u017ani\u0119. Ko\u0144cowy efekt jest wspania\u0142y. Z czystym sumieniem mo\u017cemy poleci\u0107 ka\u017cdemu firm\u0119 pani Marleny Ko\u015bcio\u0142ek. Jest to firma ze znakiem &bdquo;Q&rdquo;.<br \/>\n\tPani Marleno &ndash; dzi\u0119kujemy bardzo za fachowo\u015b\u0107 i serce w\u0142o\u017cone w przebudow\u0119 i aran\u017cacj\u0119 naszego domu. B\u0119dziemy poleca\u0107 ka\u017cdemu, kto bez nerw&oacute;w i nara\u017cenia na straty finansowe chce wej\u015b\u0107 w kontakt z tak trudn\u0105 dla ka\u017cdego \u015bmiertelnika dziedzina zwana &bdquo;budowlank\u0105&rdquo;.<br \/>\n\tCo do szczeg&oacute;\u0142&oacute;w przebudowy nie b\u0119d\u0119 zanudza\u0142a. By\u0142aby to zbyt d\u0142uga i zapewne nu\u017c\u0105ca lista. Jedno jest pewne &ndash; mamy teraz pi\u0119kne pokoje i kuchni\u0119 a tak\u017ce now\u0105 sypialni\u0119 z kominkiem. Jak wygl\u0105daj\u0105 mo\u017cna zobaczy\u0107 na stronie: www.ynox.pl pod tytu\u0142em &rdquo;Dom Moniki i Andrzeja. Zdj\u0119cia m&oacute;wi\u0105 wiele cho\u0107 zapewne nie wszystko. Co najwa\u017cniejsze: warto by\u0142o zaufa\u0107 teraz to wiemy na pewno.<\/span>\n<\/p>\n<p style=\"text-align: justify;\">\n\t<span style=\"font-size:12px;\"><span style=\"font-family:courier new,courier,monospace;\"><em>Monika i Andrzej<\/em><\/span><\/span>\n<\/p>\n<p style=\"text-align: justify;\">\n\t<span style=\"font-size:12px;\">Podczas remontu w naszym domu jednorodzinnym w J&oacute;zefowie wsp&oacute;\u0142pracowali\u015bmy z p. Marlen\u0105 Ko\u015bci&oacute;\u0142ek, kt&oacute;ra zaprojektowa\u0142a nam \u0142azienk\u0119, salon oraz pomog\u0142a funkcjonalnie zagospodarowa\u0107 pozosta\u0142\u0105 przestrze\u0144 parteru. Pani Marlena aktywnie uczestniczy\u0142a w realizacji projektu oraz doradza\u0142a w wyborze materia\u0142&oacute;w i dekoracji, dzi\u0119ki czemu uzyskali\u015bmy zaplanowany efekt. Dzi\u0119kujemy za profesjonalne podej\u015bcie oraz zaanga\u017cowanie i polecamy p. Marlen\u0119 jako pe\u0142n\u0105 pasji projektantk\u0119 wn\u0119trz.<\/span>\n<\/p>\n<p style=\"text-align: justify;\">\n\t<span style=\"font-size:12px;\"><span style=\"font-family:courier new,courier,monospace;\"><em>Gra\u017cyna<\/em><\/span><\/span>\n<\/p>\n<p style=\"text-align: justify;\">\n\t<span style=\"font-size:12px;\">Marlen\u0119 poprosi\u0142am o propozycj\u0119 niewielkich zmian w moim male\u0144kim mieszkanku.<br \/>\n\tZmiany polega\u0107 mia\u0142y na wymianie mebli, kt&oacute;re gabarytowo pozwala\u0142yby na umieszczenie p\u0142askiego telewizora na \u015bcianie, na kt&oacute;ry w wersji pierwotnej nie by\u0142o miejsca.<br \/>\n\tI od tego zacz\u0119\u0142o si\u0119. M&oacute;j udzia\u0142 polega\u0142 tylko na wskazaniu nowych mebli tj. witryny<br \/>\n\ti komody, kt&oacute;re chcia\u0142am mie\u0107 i od tego zacz\u0119\u0142a si\u0119 rewolucja na 13 m2 pokoju.<br \/>\n\tMarlena po wst\u0119pnych ogl\u0119dzinach zacz\u0119\u0142a przekonywa\u0107 mnie, \u017ce na tej powierzchni mog\u0119 mie\u0107 \u015bwietn\u0105 garderob\u0119 we wn\u0119ce pokoju, jest miejsce na normalny stolik z czterema krzes\u0142ami, gdzie nareszcie wygodnie mo\u017cna zje\u015b\u0107, napi\u0107 si\u0119 kawy itp. oraz cz\u0119\u015b\u0107 sypialnian\u0105.<br \/>\n\tDa\u0142am jej pe\u0142n\u0105 swobod\u0119 aran\u017cacji pod warunkiem, \u017ce nie przekroczy kwoty pieni\u0119dzy kt&oacute;r\u0105 mia\u0142am do wydania. &bdquo;Po drodze&rdquo; okaza\u0142o si\u0119, \u017ce nale\u017ca\u0142oby wymieni\u0107 meble w kuchni poniewa\u017c nie b\u0119d\u0105 wsp&oacute;\u0142gra\u0142y z pokojem przez kt&oacute;ry wchodzi si\u0119 do niej.<br \/>\n\tPrace remontowe Marlena dogrywa\u0142a z wykonawc\u0105 co do najmniejszego przys\u0142owiowego milimetra.<br \/>\n\tW mi\u0119dzyczasie wynajdowa\u0142a elementy domeblowania, dekoracji i element&oacute;w wyko\u0144czeniowych dobieranych z ogromnym wyczuciem smaku. Podziwia\u0142am j\u0105 za wielk\u0105 cierpliwo\u015b\u0107 do mnie, kiedy marudzi\u0142am z powodu za wysokiej ceny, nie mojego stylu, koloru, itp.<br \/>\n\tEfektem finalnym jest &bdquo;nowe&rdquo; mieszkanko do kt&oacute;rego wracam z przyjemno\u015bci\u0105 i rozkoszuj\u0119 si\u0119 tym o czym marzy\u0142am i co sta\u0142o si\u0119 prawdziwe.<br \/>\n\tHistoria przemiany moich 13m2 w salono-sypialni\u0119 z kuchni\u0105 wsp&oacute;\u0142graj\u0105c\u0105 z ca\u0142o\u015bci\u0105 jest niezbitym dowodem na to, \u017ce dla Marleny nie ma rzeczy niemo\u017cliwych do zrealizowania<br \/>\n\tw dziedzinie aran\u017cacji wn\u0119trz.<\/span>\n<\/p>\n<p style=\"text-align: justify;\">\n\t<span style=\"font-size:10px;\"><em><span style=\"font-family:courier new,courier,monospace;\">Basia<\/span><\/em><\/span><\/p>\n","protected":false},"excerpt":{"rendered":"<p>Zanim powierzyli\u015bmy firmie Ynox aran\u017cacj\u0119 swojego mieszkania obejrza\u0142am kilka projekt&oacute;w Marleny. To co mnie bardzo pozytywnie zaskoczy\u0142o to fakt, \u017ce ka\u017cdy by\u0142 zupe\u0142nie inny zapewne tak jak r&oacute;\u017cne by\u0142y oczekiwania inwestor&oacute;w.&nbsp;Marlenie i Robertowi powierzyli\u015bmy aran\u017cacj\u0119 nowego apartamentu znajduj\u0105cego si\u0119 na pograniczu Goc\u0142awia i Saskiej K\u0119py. Jedno wiedzieli\u015bmy, \u017ce mieszkanie ma by\u0107 nowoczesne i przeznaczone pod&hellip;<\/p>\n","protected":false},"author":1,"featured_media":0,"parent":0,"menu_order":0,"comment_status":"closed","ping_status":"closed","template":"","meta":{"ngg_post_thumbnail":0},"_links":{"self":[{"href":"https:\/\/www.ynox.pl\/index.php?rest_route=\/wp\/v2\/pages\/23"}],"collection":[{"href":"https:\/\/www.ynox.pl\/index.php?rest_route=\/wp\/v2\/pages"}],"about":[{"href":"https:\/\/www.ynox.pl\/index.php?rest_route=\/wp\/v2\/types\/page"}],"author":[{"embeddable":true,"href":"https:\/\/www.ynox.pl\/index.php?rest_route=\/wp\/v2\/users\/1"}],"replies":[{"embeddable":true,"href":"https:\/\/www.ynox.pl\/index.php?rest_route=%2Fwp%2Fv2%2Fcomments&post=23"}],"version-history":[{"count":7,"href":"https:\/\/www.ynox.pl\/index.php?rest_route=\/wp\/v2\/pages\/23\/revisions"}],"predecessor-version":[{"id":911,"href":"https:\/\/www.ynox.pl\/index.php?rest_route=\/wp\/v2\/pages\/23\/revisions\/911"}],"wp:attachment":[{"href":"https:\/\/www.ynox.pl\/index.php?rest_route=%2Fwp%2Fv2%2Fmedia&parent=23"}],"curies":[{"name":"wp","href":"https:\/\/api.w.org\/{rel}","templated":true}]}}