{"id":31,"date":"2014-10-25T16:20:00","date_gmt":"2014-10-25T14:20:00","guid":{"rendered":"http:\/\/www.ynox.pl\/?page_id=31"},"modified":"2016-02-29T20:08:43","modified_gmt":"2016-02-29T19:08:43","slug":"nasza-oferta","status":"publish","type":"page","link":"https:\/\/www.ynox.pl\/?page_id=31","title":{"rendered":"CENNIK"},"content":{"rendered":"<p>\n\t<span style=\"font-family:arial,helvetica,sans-serif;\">Ka\u017cda z prezentowanych ofert powinna by\u0107 traktowana osobno i jednostkowo. Nie nale\u017cy ich rozumie\u0107 jako poszczeg&oacute;lnych etap&oacute;w, cho\u0107 oczywi\u015bcie mo\u017cna je po\u0142\u0105czy\u0107 w dowolnej, s\u0142usznej dla Pa\u0144stwa konfiguracji.<br \/>\n\tTak wi\u0119c wsp&oacute;\u0142praca mo\u017ce ograniczy\u0107 si\u0119 jedynie do samej konsultacji jak i rozwin\u0105\u0107 do aran\u017cacji koncepcyjnej rozbudowanej o wizualizacje. Wszystko zale\u017cy od oczekiwa\u0144 klienta pracowni.<\/span><br \/>\n\t&nbsp;\n<\/p>\n<p>\n\t<strong>Kliknij na interesuj\u0105cy Ci\u0119 link:<\/strong>\n<\/p>\n<p>\n\t&nbsp;\n<\/p>\n<p>\n\t<a href=\"http:\/\/www.ynox.pl\/?page_id=47\" title=\"ARAN\u017bACJA KONCEPCYJNA\">ARAN\u017bACJA KONCEPCYJNA<\/a>&nbsp; &nbsp; &nbsp; &nbsp; &nbsp;&nbsp;<a href=\"http:\/\/www.ynox.pl\/?page_id=50\" title=\"WIZUALIZACJA\">WIZUALIZACJA<\/a>&nbsp;&nbsp; &nbsp; &nbsp; &nbsp; &nbsp; &nbsp; &nbsp; &nbsp;&nbsp;<a href=\"http:\/\/www.ynox.pl\/?page_id=40\">KONSULTACJA<\/a>&nbsp; &nbsp; &nbsp; &nbsp; &nbsp; &nbsp; &nbsp;&nbsp;<a href=\"http:\/\/www.ynox.pl\/?page_id=962\">HOME STAGING<\/a><\/p>\n","protected":false},"excerpt":{"rendered":"<p>Ka\u017cda z prezentowanych ofert powinna by\u0107 traktowana osobno i jednostkowo. Nie nale\u017cy ich rozumie\u0107 jako poszczeg&oacute;lnych etap&oacute;w, cho\u0107 oczywi\u015bcie mo\u017cna je po\u0142\u0105czy\u0107 w dowolnej, s\u0142usznej dla Pa\u0144stwa konfiguracji. Tak wi\u0119c wsp&oacute;\u0142praca mo\u017ce ograniczy\u0107 si\u0119 jedynie do samej konsultacji jak i rozwin\u0105\u0107 do aran\u017cacji koncepcyjnej rozbudowanej o wizualizacje. Wszystko zale\u017cy od oczekiwa\u0144 klienta pracowni. &nbsp; Kliknij&hellip;<\/p>\n","protected":false},"author":1,"featured_media":0,"parent":0,"menu_order":0,"comment_status":"closed","ping_status":"closed","template":"","meta":{"ngg_post_thumbnail":0},"_links":{"self":[{"href":"https:\/\/www.ynox.pl\/index.php?rest_route=\/wp\/v2\/pages\/31"}],"collection":[{"href":"https:\/\/www.ynox.pl\/index.php?rest_route=\/wp\/v2\/pages"}],"about":[{"href":"https:\/\/www.ynox.pl\/index.php?rest_route=\/wp\/v2\/types\/page"}],"author":[{"embeddable":true,"href":"https:\/\/www.ynox.pl\/index.php?rest_route=\/wp\/v2\/users\/1"}],"replies":[{"embeddable":true,"href":"https:\/\/www.ynox.pl\/index.php?rest_route=%2Fwp%2Fv2%2Fcomments&post=31"}],"version-history":[{"count":27,"href":"https:\/\/www.ynox.pl\/index.php?rest_route=\/wp\/v2\/pages\/31\/revisions"}],"predecessor-version":[{"id":986,"href":"https:\/\/www.ynox.pl\/index.php?rest_route=\/wp\/v2\/pages\/31\/revisions\/986"}],"wp:attachment":[{"href":"https:\/\/www.ynox.pl\/index.php?rest_route=%2Fwp%2Fv2%2Fmedia&parent=31"}],"curies":[{"name":"wp","href":"https:\/\/api.w.org\/{rel}","templated":true}]}}