{"id":65,"date":"2014-10-26T14:53:22","date_gmt":"2014-10-26T13:53:22","guid":{"rendered":"http:\/\/www.ynox.pl\/?page_id=65"},"modified":"2015-02-07T19:58:44","modified_gmt":"2015-02-07T18:58:44","slug":"dom-grazyny-i-jurka","status":"publish","type":"page","link":"https:\/\/www.ynox.pl\/?page_id=65","title":{"rendered":"DOM W J\u00d3ZEFOWIE"},"content":{"rendered":"<p style=\"text-align: justify;\">\n\tDom Gra\u017cyny i Jurka w J&oacute;zefowie. Powierzchnia parteru ok. 140 m2. Aran\u017cacja pe\u0142na.<br \/>\n\tDom, pomimo wielu swoich zalet nie by\u0142 do ko\u0144ca przestrzennie przemy\u015blany. Nale\u017ca\u0142o zmieni\u0107 uk\u0142ad funkcjonalny parteru. Zaadoptowano na nowo rzadko u\u017cywan\u0105 jadalni\u0119 na tzw. &bdquo;gwarn\u0105 cz\u0119\u015b\u0107 domu&rdquo; i w tej w\u0142a\u015bnie cz\u0119\u015bci wygospodarowano miejsce na TV i sprz\u0119t audio video. W przeciwleg\u0142ym ko\u0144cu domu stworzono zaciszne miejsce z kominkiem i gabinetem. Teraz zar&oacute;wno dorastaj\u0105ce dzieci gospodarzy chc\u0105ce np. wys\u0142ucha\u0107 koncertu na dvd, jak i rodzice maj\u0105cy ch\u0119c na kieliszek wina przy kominku, mog\u0105 czu\u0107 si\u0119 komfortowo, wzajemnie sobie nie przeszkadzaj\u0105c ale i nie trac\u0105c jednocze\u015bnie ze sob\u0105 kontaktu. Pe\u0142n\u0105 metamorfoz\u0119 przesz\u0142a \u0142azienka , przebudowano i przearan\u017cowano r&oacute;wnie\u017c przedpok&oacute;j i kuchni\u0119. Wymieniono pod\u0142ogi, wiele sprz\u0119t&oacute;w i detali. Zadbano o najdrobniejsze szczeg&oacute;\u0142y, tak aby efekt by\u0142 imponuj\u0105cy.\n<\/p>\n<p>\n\t&nbsp;\n<\/p>\n<p>\n\t<a href=\"http:\/\/www.ynox.pl\/Dom%20Gr%C5%BCyny%20i%20Jurka\/\">GALERIA<\/a><\/p>\n","protected":false},"excerpt":{"rendered":"<p>Dom Gra\u017cyny i Jurka w J&oacute;zefowie. Powierzchnia parteru ok. 140 m2. Aran\u017cacja pe\u0142na. Dom, pomimo wielu swoich zalet nie by\u0142 do ko\u0144ca przestrzennie przemy\u015blany. Nale\u017ca\u0142o zmieni\u0107 uk\u0142ad funkcjonalny parteru. Zaadoptowano na nowo rzadko u\u017cywan\u0105 jadalni\u0119 na tzw. &bdquo;gwarn\u0105 cz\u0119\u015b\u0107 domu&rdquo; i w tej w\u0142a\u015bnie cz\u0119\u015bci wygospodarowano miejsce na TV i sprz\u0119t audio video. W przeciwleg\u0142ym&hellip;<\/p>\n","protected":false},"author":1,"featured_media":0,"parent":8,"menu_order":0,"comment_status":"closed","ping_status":"closed","template":"","meta":{"ngg_post_thumbnail":0},"_links":{"self":[{"href":"https:\/\/www.ynox.pl\/index.php?rest_route=\/wp\/v2\/pages\/65"}],"collection":[{"href":"https:\/\/www.ynox.pl\/index.php?rest_route=\/wp\/v2\/pages"}],"about":[{"href":"https:\/\/www.ynox.pl\/index.php?rest_route=\/wp\/v2\/types\/page"}],"author":[{"embeddable":true,"href":"https:\/\/www.ynox.pl\/index.php?rest_route=\/wp\/v2\/users\/1"}],"replies":[{"embeddable":true,"href":"https:\/\/www.ynox.pl\/index.php?rest_route=%2Fwp%2Fv2%2Fcomments&post=65"}],"version-history":[{"count":5,"href":"https:\/\/www.ynox.pl\/index.php?rest_route=\/wp\/v2\/pages\/65\/revisions"}],"predecessor-version":[{"id":441,"href":"https:\/\/www.ynox.pl\/index.php?rest_route=\/wp\/v2\/pages\/65\/revisions\/441"}],"up":[{"embeddable":true,"href":"https:\/\/www.ynox.pl\/index.php?rest_route=\/wp\/v2\/pages\/8"}],"wp:attachment":[{"href":"https:\/\/www.ynox.pl\/index.php?rest_route=%2Fwp%2Fv2%2Fmedia&parent=65"}],"curies":[{"name":"wp","href":"https:\/\/api.w.org\/{rel}","templated":true}]}}