{"id":962,"date":"2016-02-29T19:22:26","date_gmt":"2016-02-29T18:22:26","guid":{"rendered":"http:\/\/www.ynox.pl\/?page_id=962"},"modified":"2016-02-29T19:42:45","modified_gmt":"2016-02-29T18:42:45","slug":"home-staging","status":"publish","type":"page","link":"https:\/\/www.ynox.pl\/?page_id=962","title":{"rendered":"HOME STAGING"},"content":{"rendered":"<p class=\"font_9\">\n\t<span style=\"font-family:arial,helvetica,sans-serif;\"><span style=\"font-size:14px;\">HOME STAGING &nbsp;to profesjonalne przygotowanie mieszkania do sprzeda\u017cy lub wynajmu.Celem takiego przygotowania jest zainteresowanie jak najwi\u0119kszej liczby ogl\u0105daj\u0105cych nieruchomo\u015b\u0107, a przez to przyspieszenie sprzeda\u017cy lub wynajmu za mo\u017cliwie najwy\u017csz\u0105 cen\u0119.<span style=\"line-height: 1.5;\">\u200b<\/span><\/span><\/span>\n<\/p>\n<h4 class=\"font_4\">\n\t<span style=\"font-family:arial,helvetica,sans-serif;\"><span style=\"font-size:14px;\">Zrobienie dobrego pierwszego wra\u017cenia jest najwa\u017cniejszym celem home staging&#39;u.<\/span><\/span><br \/>\n<\/h4>\n<p>\n\t<span style=\"font-family:arial,helvetica,sans-serif;\"><span style=\"font-size:14px;\">Home Staging wyeksponuje atuty nieruchomo\u015bci. Ten efekt jest uzyskiwany m.in. poprzez od\u015bwie\u017cenie i posprzat\u0105nie pomieszcze\u0144, funkcjonalne przearan\u017cowanie przestrzeni, usuni\u0119cie zb\u0119dnych element&oacute;w, zharmonizowanie \u015bwiat\u0142a, kolor&oacute;w i dekoracji, nadanie nieruchomo\u015bci neutralnego charakteru.<\/span><\/span>\n<\/p>\n<p>\n\t<span style=\"font-family:arial,helvetica,sans-serif;\"><span style=\"font-size:14px;\"><span style=\"color: rgb(0, 0, 0);\"><strong>Etap I &#8211; KONSULTACJA<\/strong><\/span><\/span><\/span>\n<\/p>\n<p>\n\t<span style=\"font-family:arial,helvetica,sans-serif;\"><span style=\"font-size:14px;\"><span style=\"color: rgb(0, 0, 0);\">Podczas spotkania poznajemy Pa\u0144stwa nieruchomo\u015b\u0107 i stawiamy diagnoz\u0119, odpowiadaj\u0105c na pytanie dlaczego tak ci\u0119\u017cko jest znale\u017a\u0107 klient&oacute;w ch\u0119tnych kupi\u0107 lub wynaj\u0105\u0107 Pa\u0144stwa dom. Udzielamy Pa\u0144stwu ustnych porad odno\u015bnie ka\u017cdego pomieszczenia.<\/span><\/span><\/span>\n<\/p>\n<p>\n\t<strong><span style=\"font-size:14px;\"><span style=\"font-family:arial,helvetica,sans-serif;\"><span style=\"color: rgb(0, 0, 0);\">KOSZT US\u0141UGI&nbsp;to 400 z\u0142 (do 3 pomieszcze\u0144) + 100 z\u0142 za ka\u017cde dodatkowe pomieszczenie.<\/span><\/span><\/span><\/strong>\n<\/p>\n<p>\n\t<span style=\"font-family:arial,helvetica,sans-serif;\"><span style=\"font-size:14px;\"><span style=\"color: rgb(0, 0, 0);\">&nbsp;<\/span><\/span><\/span>\n<\/p>\n<p>\n\t<span style=\"font-family:arial,helvetica,sans-serif;\"><span style=\"font-size:14px;\"><span style=\"color: rgb(0, 0, 0);\"><strong>Etap II &#8211; KONSULTACJA + RAPORT PISEMNY<\/strong><\/span><\/span><\/span>\n<\/p>\n<p>\n\t<span style=\"font-family:arial,helvetica,sans-serif;\"><span style=\"font-size:14px;\"><span style=\"color: rgb(0, 0, 0);\">Po spotkaniu przygotowujemy raport pisemny, zawieraj\u0105cy diagnoz\u0119 i rekomendacj\u0119, zdj\u0119cia nieruchomo\u015bci, rekomendowane zmiany w zakresie oszacowanego przez Pa\u0144stwa bud\u017cetu (kolorystyka, uwagi odno\u015bnie pod\u0142&oacute;g, o\u015bwietlenia, zas\u0142on i innych akcesori&oacute;w dekoracyjnych). Konsultacja i raport pisemny pozwol\u0105 Pa\u0144stwu samodzielnie wykona\u0107 proponowane zmiany.<\/span><\/span><\/span>\n<\/p>\n<p>\n\t<strong><span style=\"font-family:arial,helvetica,sans-serif;\"><span style=\"font-size:14px;\"><span style=\"color: rgb(0, 0, 0);\">KOSZT US\u0141UGI&nbsp;to 800 z\u0142 (do 3 pomieszcze\u0144) + 200 z\u0142 za ka\u017cde dodatkowe pomieszczenie.<\/span><\/span><\/span><\/strong>\n<\/p>\n<p>\n\t<span style=\"font-family:arial,helvetica,sans-serif;\"><span style=\"font-size:14px;\"><span style=\"color: rgb(0, 0, 0);\">&nbsp;<\/span><\/span><\/span>\n<\/p>\n<p>\n\t<span style=\"font-family:arial,helvetica,sans-serif;\"><span style=\"font-size:14px;\"><span style=\"color: rgb(0, 0, 0);\"><strong>Etap III &#8211; ZARZ\u0104DZANIE PROJEKTEM<\/strong><\/span><\/span><\/span>\n<\/p>\n<p>\n\t<span style=\"font-family:arial,helvetica,sans-serif;\"><span style=\"font-size:14px;\"><span style=\"color: rgb(0, 0, 0);\">W sytuacji, kiedy powierzycie Pa\u0144stwo naszej firmie wykonanie pe\u0142nej us\u0142ugi Home Stagingu, etap ten wycenimy za ka\u017cdym razem indywidualnie. Cena zawiera\u0107 b\u0119dzie nadz&oacute;r i wdro\u017cenie zaproponowanych wcze\u015bniej zmian oraz profesjonaln\u0105 sesj\u0119 zdj\u0119ciow\u0105 nieruchomo\u015bci wraz z przygotowaniem oferty nieruchomo\u015bci niezb\u0119dnej do wystawienia jej na rynek obrotu nieruchomo\u015bciami.<\/span><\/span><\/span>\n<\/p>\n<p>\n\t<span style=\"font-size:14px;\"><strong><span style=\"font-family:arial,helvetica,sans-serif;\"><span style=\"color: rgb(0, 0, 0);\">Szacowany koszt takiej us\u0142ugi wynosi od 1% do 2% warto\u015bci nieruchomo\u015bci. Koszt uzale\u017cniony jest od stanu nieruchomo\u015bci i koniecznych do wykonania zmian.<\/span><\/span><\/strong><\/span><\/p>\n","protected":false},"excerpt":{"rendered":"<p>HOME STAGING &nbsp;to profesjonalne przygotowanie mieszkania do sprzeda\u017cy lub wynajmu.Celem takiego przygotowania jest zainteresowanie jak najwi\u0119kszej liczby ogl\u0105daj\u0105cych nieruchomo\u015b\u0107, a przez to przyspieszenie sprzeda\u017cy lub wynajmu za mo\u017cliwie najwy\u017csz\u0105 cen\u0119.\u200b Zrobienie dobrego pierwszego wra\u017cenia jest najwa\u017cniejszym celem home staging&#39;u. Home Staging wyeksponuje atuty nieruchomo\u015bci. Ten efekt jest uzyskiwany m.in. poprzez od\u015bwie\u017cenie i posprzat\u0105nie pomieszcze\u0144, funkcjonalne&hellip;<\/p>\n","protected":false},"author":1,"featured_media":0,"parent":0,"menu_order":0,"comment_status":"closed","ping_status":"closed","template":"","meta":{"ngg_post_thumbnail":0},"_links":{"self":[{"href":"https:\/\/www.ynox.pl\/index.php?rest_route=\/wp\/v2\/pages\/962"}],"collection":[{"href":"https:\/\/www.ynox.pl\/index.php?rest_route=\/wp\/v2\/pages"}],"about":[{"href":"https:\/\/www.ynox.pl\/index.php?rest_route=\/wp\/v2\/types\/page"}],"author":[{"embeddable":true,"href":"https:\/\/www.ynox.pl\/index.php?rest_route=\/wp\/v2\/users\/1"}],"replies":[{"embeddable":true,"href":"https:\/\/www.ynox.pl\/index.php?rest_route=%2Fwp%2Fv2%2Fcomments&post=962"}],"version-history":[{"count":6,"href":"https:\/\/www.ynox.pl\/index.php?rest_route=\/wp\/v2\/pages\/962\/revisions"}],"predecessor-version":[{"id":976,"href":"https:\/\/www.ynox.pl\/index.php?rest_route=\/wp\/v2\/pages\/962\/revisions\/976"}],"wp:attachment":[{"href":"https:\/\/www.ynox.pl\/index.php?rest_route=%2Fwp%2Fv2%2Fmedia&parent=962"}],"curies":[{"name":"wp","href":"https:\/\/api.w.org\/{rel}","templated":true}]}}